25223
What is -5c6 (base 13) in base 10?
-1007
What is 13b2 (base 16) in base 15?
1762
What is -326 (base 13) in base 10?
-539
Convert ac3 (base 14) to base 10.
2131
What is -8611 (base 11) in base 8?
-26172
What is 18433 (base 9) in base 15?
3b9c
What is -1102000 (base 3) in base 15?
-486
Convert 1ca5 (base 14) to base 10.
5241
Convert -1c7 (base 15) to base 3.
-120021
Convert 1150 (base 6) to base 8.
432
Convert 5025 (base 6) to base 5.
13342
What is a06c (base 15) in base 9?
51383
Convert -3533 (base 6) to base 2.
-1101010001
41240 (base 5) to base 4
222013
Convert 1525 (base 13) to base 6.
22121
Convert -8016 (base 9) to base 16.
-16d7
Convert 12300330 (base 4) to base 6.
332140
Convert -100111101101 (base 2) to base 8.
-4755
What is -30211 (base 4) in base 12?
-571
What is 5027 (base 11) in base 3?
100011120
What is 211333 (base 4) in base 16?
97f
-202222 (base 3) to base 10
-566
What is 4905 (base 14) in base 7?
52105
1510 (base 8) to base 2
1101001000
What is 30a9 (base 12) in base 6?
40333
543 (base 11) to base 12
464
10012111 (base 3) to base 2
100100011111
-80d (base 14) to base 15
-706
Convert 20230030 (base 4) to base 15.
a831
aa5b (base 12) to base 7
105533
Convert 19b7 (base 14) to base 10.
4669
Convert 11625 (base 8) to base 13.
2388
9dc (base 16) to base 15
b34
Convert -dea (base 15) to base 4.
-301021
Convert 2120212 (base 4) to base 16.
2626
Convert 2e2 (base 15) to base 5.
10122
Convert 4433 (base 7) to base 9.
2158
What is 1132543 (base 6) in base 15?
12709
What is 12331001 (base 4) in base 9?
43055
Convert 607 (base 8) to base 2.
110000111
What is -12020200 (base 3) in base 5?
-110300
-2110201 (base 4) to base 14
-366d
Convert -500 (base 7) to base 5.
-1440
26704 (base 8) to base 5
333331
Convert -3410 (base 6) to base 15.
-383
What is 112c (base 13) in base 3?
10022001
3512 (base 6) to base 15
3ab
Convert -110111101001111 (base 2) to base 3.
-1110002101
-5a0a (base 15) to base 6
-224331
Convert -2102010 (base 3) to base 9.
-2363
-200111 (base 3) to base 7
-1312
What is -226523 (base 7) in base 10?
-40736
What is 11120 (base 8) in base 10?
4688
Convert -1233202 (base 4) to base 3.
-100210101
-4144 (base 5) to base 8
-1045
-291 (base 13) to base 14
-248
-1497 (base 11) to base 12
-1141
What is 421352 (base 6) in base 9?
51635
Convert -310 (base 10) to base 7.
-622
-779 (base 10) to base 9
-1055
What is 1112 (base 12) in base 4?
131132
11029 (base 10) to base 14
403b
What is 2772 (base 8) in base 16?
5fa
What is -110112002 (base 3) in base 16?
-23a8
Convert 382 (base 12) to base 7.
1355
Convert -1000011110101100 (base 2) to base 8.
-103654
18bc (base 14) to base 16
117e
What is -1269 (base 16) in base 12?
-2889
111130 (base 4) to base 11
1038
1100101110000 (base 2) to base 6
50052
What is 26cb (base 13) in base 11?
4209
658c (base 16) to base 9
38584
20544 (base 6) to base 16
af0
-5201 (base 8) to base 14
-da1
21012 (base 3) to base 16
c2
-201224 (base 6) to base 14
-5ac8
11055 (base 11) to base 2
11111010100000
-121001 (base 3) to base 13
-274
Convert -135404 (base 6) to base 9.
-18614
What is -861 (base 14) in base 10?
-1653
-3ba (base 14) to base 11
-624
Convert -4544 (base 6) to base 12.
-754
Convert -1042 (base 11) to base 10.
-1377
What is -851 (base 10) in base 14?
-44b
What is 10331 (base 4) in base 5?
2232
-110111110100000 (base 2) to base 16
-6fa0
What is 110313 (base 4) in base 16?
537
What is -1000011000001 (base 2) in base 9?
-5785
2222 (base 5) to base 7
624
What is -423 (base 11) in base 4?
-13331
1314044 (base 5) to base 15
7b34
-104343 (base 6) to base 2
-10001001000111
Convert -16541 (base 7) to base 15.
-1608
Convert 130015 (base 6) to base 9.
17012
Convert 2622 (base 10) to base 8.
5076
302 (base 5) to base 6
205
-29a (base 11) to base 8
-537
Convert 33534 (base 6) to base 14.
1a26
What is -1138 (base 12) in base 13?
-b45
What is -13052 (base 7) in base 3?
-11202102
Convert -50a (base 16) to base 12.
-8b6
Convert -4210 (base 6) to base 2.
-1110101110
What is -39a2 (base 12) in base 5?
-202402
Convert 5a9 (base 14) to base 13.
68b
-110010101 (base 2) to base 8
-625
What is 11200022 (base 3) in base 14?
1358
What is -7235 (base 9) in base 4?
-1102301
Convert 2232300 (base 5) to base 14.
1067a
What is -106 (base 10) in base 15?
-71
9cf2 (base 16) to base 13
15398
Convert -166 (base 7) to base 4.
-1201
What is 5460 (base 7) in base 10?
1953
Convert -5075 (base 9) to base 10.
-3713
-1002101201 (base 3) to base 4
-11032312
-10011110001 (base 2) to base 3
-1201212
What is -1a9 (base 11) in base 4?
-3300
-100220212 (base 3) to base 7
-30041
-22312 (base 5) to base 6
-11154
Convert -6772 (base 8) to base 5.
-103303
What is 41106 (base 8) in base 16?
4246
What is -2c6 (base 15) in base 8?
-1174
What is 22114 (base 5) in base 11?
1175
What is -152510 (base 6) in base 5?
-433444
What is 3732 (base 12) in base 13?
2ab3
Convert -20033 (base 4) to base 5.
-4102
Convert 145 (base 11) to base 15.
b5
Convert 2987 (base 12) to base 14.
1aab
What is 5825 (base 11) in base 6?
55230
-1abd (base 16) to base 13
-3167
Convert 62b (base 14) to base 3.
1200000
What is -12743 (base 9) in base 10?
-8625
What is -342026 (base 7) in base 10?
-60731
Convert -4344 (base 16) to base 7.
-101130
Convert 3123 (base 8) to base 6.
11255
-aa (base 12) to base 16
-82
-2401 (base 8) to base 4
-110001
20013 (base 6) to base 11
1a55
Convert 2595 (base 12) to base 8.
10301
Convert 30134 (base 5) to base 14.
9b1
-c68 (base 16) to base 4
-301220
What is -10101000 (base 2) in base 9?
-206
3440101 (base 5) to base 6
1154325
1102121 (base 3) to base 2
10000010010
What is 393 (base 11) in base 16?
1d1
-145054 (base 6) to base 4
-3123322
What is 3 (base 16) in base 13?
3
What is 533 (base 9) in base 6?
2003
-633 (base 15) to base 3
-1220210
518 (base 12) to base 5
10430
-13050 (base 6) to base 15
-8b9
-cc44 (base 16) to base 3
-2122201202
-12032 (base 5) to base 10
-892
What is -54 (base 16) in base 14?
-60
1122020 (base 3) to base 5
14234
What is -7261 (base 15) in base 14?
-8b42
What is 323 (base 8) in base 4?
3103
2ca (base 13) to base 11
419
What is 150510 (base 6) in base 2?
11100001101010
Convert 3cb (base 16) to base 12.
68b
-10051 (base 10) to base 6
-114311
Convert 8618 (base 16) to base 9.
52072
What is 3302220 (base 4) in base 7?
63162
Convert 122211022 (base 3) to base 13.
5bb8
Convert 16f (base 16) to base 8.
557
Convert 1863 (base 14) to base 9.
6027
447 (base 9) to base 12
267
Convert -170151 (base 8) to base 11.
-42270
What is -121 (base 6) in base 3?
-1211
10011001000101 (base 2) to base 6
113205
26422 (base 7) to base 9
10627
Convert 13e (base 15) to base 13.
18b
What is -21000121 (base 3) in base 10?
-5119
Convert 665 (base 11) to base 12.
565
Convert -371 (base 12) to base 10.
-517
Convert -2012 (base 5) to base 9.
-315
1311213 (base 4) to base 5
220102
What is -17252 (base 9) in base 16?
-2e61
Convert -13351 (base 7) to base 5.
-103423
What is 855 (base 9) in base 15?
318
-211220 (base 3) to base 6
-2510
123113 (base 4) to base 3
2101212
Convert -1000010100 (base 2) to base 11.
-444
-420353 (base 7) to base 12
-3595b
-233022 (base 4) to base 14
-1158
What is 121211002 (base 3) in base 15?
3975
Convert -97 (base 13) to base 3.
-11121
What is 37727 (base 12) in base 9?
124314
Convert 73 (base 12) to base 4.
1113
-1400023 (base 5) to base 12
-1434a
Convert 100111110111 (base 2) to base 13.
1213
10004 (base 5) to base 13
395
-a79a (base 11) to base 16
-37ba
What is -5021 (base 6) in base 3?
-1111111
-3337 (base 16) to base 5
-404421
Convert 1446 (base 8) to base 4.
30212
Convert 13503 (base 7) to base 9.
5036
Convert -11011210 (base 3) to base 11.
-2319
Convert 210002 (base 3) to base 11.
478
What is -7bc6 (base 15) in base 10?
-26286
118c (base 13) to base 7
10144
Convert -322041 (base 5) to base 6.
-122240
Convert 418 (base 10) to base 5.
3133
Convert -31302 (base 4) to base 11.
-732
What is -4ac (base 13) in base 10?
-818
What is -9d6d (base 14) in base 15?
-817b
What is 350221 (base 6) in base 3?
1112000011
7c44 (base 13) to base 5
1024323
What is 103442 (base 7) in base 15?
5542
Convert 1466 (base 8) to base 9.
1113
What is 1212210 (base 3) in base 10?
1371
-11a (base 13) to base 9
-233
Convert -17035 (base 12) to base 10.
-32873